)/(-25))/(10/50).
2, 257
Suppose -15*v = -13*v - 4*u - 3964, 5*v - 9897 = -3*u. What are the prime factors of v?
2, 3, 5, 11
Let f = -1452 + 4673. What are the prime factors of f?
3221
Let u(a) = a**2 + 6*a - 5. Let m be u(-6). Let v be ((-3)/2)/(m/(-40)). What are the prime factors of v + 9 + 33*1?
2, 3, 5
Let v be (2 - (2 + -3)) + 0. Suppose -v*l + 178 = 55. What are the prime factors of l?
41
Let w = 3 + 1. Suppose 5*u - 61 = w*u. List the prime factors of u.
61
Let p = 5 + -16. Let m(h) = 2*h**2 + 11*h - 24. What are the prime factors of m(p)?
97
Let z = -2869 + 4594. What are the prime factors of z?
3, 5, 23
Suppose 5*q = 77 - 17. Suppose 0 = 8*a - 11*a + q. Suppose -z + 50 = z + 4*i, 0 = -a*z - 3*i + 95. What are the prime factors of z?
23
Let y = 462 + -322. Suppose -21*o + 19*o + y = 0. What are the prime factors of o?
2, 5, 7
Suppose -c + 57 = 21. Suppose 42 = 2*k - c. What are the prime factors of k?
3, 13
Let r(c) = -7*c**2 - 10*c - 14. Let s be r(-7). Let w = -176 - s. What are the prime factors of w?
3, 37
List the prime factors of 2 - -15 - -1*20/(-5).
13
Let i(m) = -14*m - 23. Let c be i(12). Let z = -121 - c. What are the prime factors of z?
2, 5, 7
Let i = 1437 - 962. Suppose -7*h = -2*h - i. What are the prime factors of h?
5, 19
Suppose 4987 = 3*d - r, 3945 = 5*d - 5*r - 4350. List the prime factors of d.
2, 13
Let s(g) = 5*g + 4 - 4 + 0 + 2*g**2 + 4. List the prime factors of s(-3).
7
Let z be 28/6 - 7/(-21). Suppose z*i + 4*l = 882, i - 107 = 5*l + 81. List the prime factors of i.
2, 89
Let q = -51 + 63. Let r(v) = v**2 - 4*v + 41. List the prime factors of r(q).
137
Let h be (8/10)/(5/(-75)). Let n(j) = j**3 + 11*j**2 - 15*j + 6. Let y be n(h). List the prime factors of 0 + (-1 - y/(-2)).
2, 5
Let h = -13 - -13. Suppose h = 2*s + 3*o - 40, -o + 1 = -3. List the prime factors of s.
2, 7
Let z = -5261 + 8203. What are the prime factors of z?
2, 1471
Let g(u) = -u**2 - 16*u + 18. Let z be g(-13). What are the prime factors of (z/4)/(6/56)?
7, 19
Let o = -2310 - -3772. Suppose -5*b = -t + 1472, 5*b + 5*t - t = -o. List the prime factors of (24/14)/((-12)/b).
2, 3, 7
Let a(o) = o**3 + 2*o**2 - 4*o - 2. Suppose 2*l = l - 3. Let m be a(l). What are the prime factors of 13 + -15 + 4/m?
2
Suppose -3*z - 2*q - 61 = 0, 6*z = z + q - 80. Let p(u) = 2*u**2 + 22*u + 5. List the prime factors of p(z).
11, 19
Let d(t) = -3*t**3 + 30*t**2 + 26*t + 14. Let h(a) = a**3 - 15*a**2 - 13*a - 7. Let z(q) = 2*d(q) + 5*h(q). List the prime factors of z(-15).
2, 47
Suppose -5*i - 3503 - 7822 = -5*h, 2271 = h - 4*i. What are the prime factors of h?
31, 73
Let m be (52/12 + 5)*(25 + -1). Let z = m - 97. What are the prime factors of z?
127
Let r = -65 - -217. Let f = -1302 + 1302. Suppose 0 = -f*x + 4*x - r. List the prime factors of x.
2, 19
Suppose 0 = 5*w + 5*d + 50, -3*d + 45 = -4*w - 2*d. Let n = w - -15. Let j = 11 + n. List the prime factors of j.
3, 5
Let f = -28 - -21. Let c be (-45)/(-35) - (-2)/f. List the prime factors of c - -36 - (6 + -2).
3, 11
Let r(u) = u. Let q be r(0). Let f = q + 2. Suppose -f*d + 5*d - 18 = 0. List the prime factors of d.
2, 3
Suppose -169 - 6 = 5*t. Let c = 69 + t. List the prime factors of c.
2, 17
Let j be (-54)/(-14) + 2/14. Suppose 148 = -4*w + 4*o, -w - j*w - 175 = 5*o. What are the prime factors of ((-3)/(-2))/(w/(-696))?
29
Suppose 5*b = 7*v - 9*v + 1004, 0 = 2*v + 2*b - 1010. What are the prime factors of v?
3, 13
Suppose 4*x + 2*c - 16 = 3*x, -4*x + 46 = -c. Suppose x*v - 295 = 7*v. What are the prime factors of v?
59
Let v = 877 - -56. What are the prime factors of v?
3, 311
Let p(d) = -9*d + 3. Let a(r) = -17*r + 5. Let o(m) = 2*a(m) - 5*p(m). Suppose 0*g - 2*l = -g + 14, -2*l - 22 = -3*g. List the prime factors of o(g).
3, 13
Let j = 5 - 3. Let o be 32/112 - (150/(-14))/1. Suppose -a - 5*g = -37, j*a - 5*g = 3 + o. List the prime factors of a.
17
Suppose 0*c - 12 = -3*c. Suppose 5*p + 3*g + 200 = 0, -3*p - 3*g = p + 160. What are the prime factors of (-210)/p + 3/c?
2, 3
Let z(r) be the third derivative of -r**4/24 + r**3 - 24*r**2 - 2. Let k(d) = d**3 + 6*d**2 + 2*d + 8. Let t be k(-6). What are the prime factors of z(t)?
2, 5
Suppose 7*w + 9 = 4*w. Suppose -5*c + 69 = 9. What are the prime factors of c*2*w/(-12)?
2, 3
Suppose 9*n - 6*n = 6. Suppose 33 = n*v + v. What are the prime factors of v?
11
Let l(h) = 7*h**2 + 9*h - 15. Let b be (0 + (-2)/(-4))/(1/6). What are the prime factors of l(b)?
3, 5
Suppose -2*i - 3114 = -l - 0*l, 0 = l - 3*i - 3113. What are the prime factors of l?
2, 19, 41
Let a be 0 + (-4)/((-16)/12). Suppose a*l + 11 = 26. Suppose l*z - 14 = 3*r, -2*z = -3*z + 3*r - 2. List the prime factors of z.
2
Let g be (1/3)/((-18)/216). Let m = g + 49. List the prime factors of m.
3, 5
Let a be 2/(-9) + 14/63. Suppose a = 2*k - 11 + 7. List the prime factors of k/6 + 1680/36.
47
Suppose 0 = p - w - 422, 0 = 4*p + w - 1097 - 606. What are the prime factors of p?
5, 17
Let m(q) = q + 3. Let s be m(6). Let y = s - 5. Suppose -10 - y = -2*w. List the prime factors of w.
7
Let i(d) = -6*d**2 - 5*d + 2. Let r be i(-6). Let q = -128 - r. What are the prime factors of q?
2, 7
Suppose -147*n + 165*n = 5310. List the prime factors of n.
5, 59
Let x = 2064 + -973. List the prime factors of x.
1091
Suppose 0 = -2*j + 4*j - 50. Let l be 15/4 + 2/8. Suppose 0 = l*r + r - j. List the prime factors of r.
5
Let v(l) = -l**3 + 10*l**2 + 13*l - 14. Let t be v(11). List the prime factors of (-55)/(-2) + 12/t.
29
Let u = -21 - -8. Let t(a) = -a**3 - 13*a**2 - 3*a + 32. List the prime factors of t(u).
71
Let l = 6 - 7. Let f = l - -8. Let o(r) = 2*r + 3. List the prime factors of o(f).
17
Let g(w) = -15*w. Let c be g(-1). Let v = c - -9. Suppose v = h - 10. What are the prime factors of h?
2, 17
Let a(r) = r**2 - 3*r - 1. Let n(o) = -o**2 - 16*o - 9. Let d be n(-15). Let p be a(d). Let x = p - 11. What are the prime factors of x?
2, 3
What are the prime factors of (-10552)/(-32) - (-4)/16?
2, 3, 5, 11
Let p = 118 - 64. Let x = -27 + p. Let a = x - 16. List the prime factors of a.
11
Suppose 6*v + z = 10*v - 7124, -2*z + 8918 = 5*v. List the prime factors of v.
2, 3, 11
Suppose 0 = -5*s + 13 - 3. Let a(w) = -w**2 - 5*w + 7. Let o(y) = -5*y**2 - 24*y + 34. Let d(j) = s*o(j) - 11*a(j). What are the prime factors of d(-13)?
3, 23
Let p(q) = 6*q**3 - 25*q**2 + 106*q + 2. List the prime factors of p(6).
2, 11, 47
Let o = -14 - -14. Suppose 2*b - 8 = -3*k + 5, 3*k + 5*b - 28 = o. Let f = k + 5. What are the prime factors of f?
2, 3
Suppose -3*p - 2*o + 48 = 0, o = 3*p - 4*p + 17. Suppose -8*q = -q - p. Suppose 0 = k - q*k + 52. List the prime factors of k.
2, 13
Suppose 2*g = -3*z - 54, 3*g = 6*z - 7*z - 74. Let v = g - -18. What are the prime factors of (v - -2 - -1) + 36?
3, 11
List the prime factors of -2*(258/(-24)*2 - 5).
53
Let u be ((-30)/50)/((-1)/115). Let a = 3 + u. What are the prime factors of a?
2, 3
Let p(n) = -2*n - 52. Let a be p(8). Let h = 192 + a. List the prime factors of h.
2, 31
Suppose -41 - 79 = 4*w. Let c be w/25*(-10)/4. Suppose g - 5*y - 31 = 0, c*g - y - 93 = -5*y. List the prime factors of g.
31
Suppose -2*v = 5*r - 46, r - 3*v - 20 = -4. List the prime factors of r.
2, 5
Let f(a) = a**3 - 10*a**2 - 46*a + 100. List the prime factors of f(15).
5, 107
Suppose -4*o - 639 = 433. List the prime factors of o*(1 - (-5)/(-4)).
67
Suppose 0 = -4*p - 3*z + 5, -p - 2*z = -0*p. Suppose -2 = -p*s + 14. List the prime factors of 144/(-4 + s) + -1.
5, 7
Let a(d) = -70*d - 5. Let n be a(-1). Let y = n - -4. List the prime factors of y.
3, 23
Let h = 17 + -15. Suppose 2*o - 542 - 134 = 2*q, -h*q - 680 = -4*o. What are the prime factors of (6/(-4))/(36/q)?
2, 7
Let a = -667 - -2335. What are the prime factors of a?
2, 3, 139
Suppose 8*q - 3*q = -75. Let n = 72 + q. What are the prime factors of n?
3, 19
Let p = 164 - -279. Suppose -3*w = -232 - p. Suppose t + 21 + 84 = 2*h, -5*t + w = 5*h. What are the prime factors of h?
2, 5
List the prime factors of (-1961)/(-2) + 6/4.
2, 491
Suppose -3*y = y. Suppose 8*d - 279 - 961 = y. What are the prime factors of d?
5, 31
Let a(t) = -3*t**2 + 97*t - 25. What are the prime factors of a(23)?
619
Let s(z) = -16*z - 16. List the prime factors of s(-15).
2, 7
Lis